emainder when 254 is divided by u?
50
Let k(d) = -2189*d - 303. Calculate the remainder when k(-4) is divided by 89.
87
Let j = -5 + 8. Suppose -427 + 7 = 4*b. What is the remainder when b/(-9) - 1/(-3) is divided by j?
0
Let g(v) = -685*v + 1411. Calculate the remainder when 64 is divided by g(2).
23
Suppose -11*s + 4316 = 5*n, 2*s = 95*n - 92*n + 773. Calculate the remainder when s is divided by 20.
11
Let g = 28 + -78. Let d = g + 75. What is the remainder when 99 is divided by d?
24
Suppose 0 = -2*a + x + 385, -11*a + x = -7*a - 767. Calculate the remainder when a is divided by 69.
53
Let j = 190 - 125. Let y(c) = -3*c**2 + 63*c - 187. What is the remainder when j is divided by y(4)?
14
Suppose 0 = 18*p - 14*p - 192. Let r = 31 - p. Calculate the remainder when 23 is divided by ((r - -14) + (-14)/(-4))*26.
10
Let j be 8*(1 + -4 - 34). Let p = 373 + j. Calculate the remainder when p is divided by 13.
12
Suppose -16*q = -317 + 173. What is the remainder when 57 is divided by q?
3
Let h = 209 + -104. Let r = 3127 + -3074. What is the remainder when h is divided by r?
52
Suppose -8 = -177*y + 175*y. Suppose 7*o - 2 + 2 = 0. Calculate the remainder when o + (8 - (2 - 0)) is divided by y.
2
Suppose -1461 = -7*r + 324. Suppose 4*q + 67 = r. Suppose -3*g + 0*g = -75. Calculate the remainder when q is divided by g.
22
Let b be -4 + (0/(-3) - -1) + -2. Let i(d) = d**2 + d + 1. Let j(l) = -3*l - 4. Let h(n) = i(n) - j(n). What is the remainder when h(b) is divided by 8?
2
Let o(m) = -4*m - 59. Let f(i) = -2*i**3 - 18*i**2 - 14*i - 3. Let y be f(-8). Calculate the remainder when 33 is divided by o(y).
16
Let s = -16233 + -329. What is the remainder when (-1 + 4)/((-78)/s) is divided by 64?
61
Let l = -3179 + 3578. What is the remainder when l is divided by 39?
9
Suppose -3*c - 7*c = 40. Calculate the remainder when -1*(c - -6)*(0 + -23) is divided by 16.
14
Let j = -4 + -14. Let r(i) = i**2 - 41*i + 110. Let x be r(39). Let b = j + x. What is the remainder when 25 is divided by b?
11
Suppose 4*x = -2*c + 1542, 3*c - 375 = -x - c. Let j = -358 + x. What is the remainder when 84 is divided by j?
26
Let g = -47 + 53. Let m = 99 - 67. Calculate the remainder when 4 + 244*(g/4)/3 is divided by m.
30
Suppose 0 = 4*a + t - 5*t, -4*a - 4*t = -24. Suppose y - 98 = -a*q, 16*q + 3*y = 13*q + 102. Calculate the remainder when q is divided by 13.
6
Let p(n) = 418*n - 2490. What is the remainder when 897 is divided by p(6)?
15
Let c(s) = 518*s + 989. Calculate the remainder when c(1) is divided by 22.
11
Let q = 38260 + -36440. What is the remainder when 5469 is divided by q?
9
Let n be 7/(8/(-90) - (-6)/(-54)). What is the remainder when 179 is divided by 45/(-1 + n/(-14))?
29
Suppose 7*h - 4*p + 35 = 12*h, -3*p + 21 = 2*h. Suppose -18 = -2*y - h*u - 51, -20 = -4*u. Let q = y + 29. Calculate the remainder when 12 is divided by q.
2
What is the remainder when 1748 is divided by 11 - 1*(-298)/20 - (-2)/20?
6
Let k(n) = n**2 - 4*n + 58. Let y be k(-13). Suppose -10*x + 131 + y = 0. Calculate the remainder when 284 is divided by x.
38
Suppose -2*j + 3*j - 98 = 0. Let t(k) = k**2 - 12*k + 38. Let u be t(9). Suppose 0 = -u*a - 108 + 328. Calculate the remainder when j is divided by a.
18
Suppose 0 = -9*a - 55 - 35. Let m = a + 88. Suppose 0 = -5*z + 3*s + 108, 2*z - 2*s - 27 - 17 = 0. Calculate the remainder when m is divided by z.
15
Suppose -5*f + 734 = 4*t, f + 8*t = 4*t + 166. Let m(j) = -j**3 + 9*j**2 - 5*j + 12. Calculate the remainder when f is divided by m(8).
34
Let v = -26 - -61. Let c be 31409/(-105) - (32/30)/(-8). Let n = -287 - c. What is the remainder when v is divided by n?
11
Let k be 3/(-6) - 45/10. What is the remainder when k*(1232/(-120) - 2/(-3)) is divided by 25?
23
Let q = -54 + 94. Let h = 111475 + -111464. Calculate the remainder when q is divided by h.
7
Let o be ((-26)/3)/(6/(-45)). Suppose -2*x = -5*c - o, -2*x - 3*c + 129 = x. Let v(a) = a**2 - a + 8. Calculate the remainder when x is divided by v(3).
12
Let t = 189 - 58. What is the remainder when t is divided by 5 + 13 + (2565/(-361) - (-4)/38)?
10
Suppose 16*f + 20 - 132 = 0. Calculate the remainder when 54 is divided by -33*(1/(-6) - f/14).
10
Let f be 30/(-36)*2*15. Calculate the remainder when (36 - 0)/((-2)/(-3)) is divided by 45/f - 158/(-10).
12
Let b = -3205 - -4378. Calculate the remainder when b is divided by 62.
57
Let d = 333 + -326. Suppose 2*r - 219 - d = 0. What is the remainder when r is divided by 54?
5
Let p = 1244 - -316. Suppose -15*n = -p + 345. What is the remainder when n is divided by 36?
9
Let x(p) = -p**3 + 21*p**2 - 17*p + 3. What is the remainder when x(3) is divided by 5?
4
Let u be ((-42)/5)/(14/(-105)). Suppose u = g + 8*g. What is the remainder when g + -5 - (-116 + 0) is divided by 40?
38
Let a = -964 + 300. Let y = 680 + a. Calculate the remainder when 1006 is divided by y.
14
Let v(u) = -11*u**2 - 232*u**3 - 3*u**2 - 3*u + 231*u**3 - 32. Suppose i + 4*i = -70. What is the remainder when 39 is divided by v(i)?
9
Suppose -625 = 2*t + 3*o - 8*o, 0 = -3*t - 2*o - 947. Let s = t + 356. Calculate the remainder when 280 is divided by s.
34
Let z(f) = 28*f**2. Calculate the remainder when z(-1) is divided by 46/5 - (-441)/(-2205).
1
Let m = 28123 - 27357. What is the remainder when m is divided by 254?
4
Let c = -3919 + 3928. What is the remainder when 219 is divided by c?
3
Suppose -p = -5 - 4. Calculate the remainder when ((-7)/((-196)/200))/(46/161) is divided by p.
7
Let a = 53 + -52. Let v be (-3 + 3)/a*-1. Suppose -4*s - s - i = -81, -5*i - 20 = v. Calculate the remainder when 66 is divided by s.
15
Suppose s - 3 = 21. Let l(p) be the first derivative of 13*p**2/2 - 218*p + 142. Calculate the remainder when l(24) is divided by s.
22
Suppose -5*d = -9*d + 1824. Suppose d = 4*l + 3*r, -44*l + r - 115 = -45*l. Suppose 4*q + q = 95. What is the remainder when l is divided by q?
16
Let u(i) = i**3 + 18*i**2 - 36*i + 100. Let h be u(-20). Suppose 1660 = h*d - 120. What is the remainder when d is divided by 28?
5
Let y(x) = 6*x - 35. Let n be y(6). What is the remainder when 125 is divided by (n + (-2)/5)*(-31 + 86)?
26
Let b = 63 + -60. Suppose -u = -b + 12. What is the remainder when (39/u - -3)*-24 is divided by 12?
8
Calculate the remainder when -5 - -2 - (-102 + -3540) is divided by 36.
3
Let r = -32 - -66. Suppose -r*m = -439 - 71. Let g = -6 + 13. What is the remainder when m is divided by g?
1
Let m(y) = 14*y + 127. Let a(z) = 8*z + 64. Let o(v) = -7*a(v) + 3*m(v). What is the remainder when o(-6) is divided by 9?
8
Calculate the remainder when 1351360/(-5150)*((-1)/2 - (0 + 2)) is divided by 572.
84
Let h = 2 - 11. Let z(t) = -4*t + 50. Let a(j) = 2*j - 25. Let s(p) = h*a(p) - 4*z(p). What is the remainder when 4 is divided by s(12)?
0
Let w(y) = -2*y**3 + 35*y**2 + 71*y - 42. Calculate the remainder when w(19) is divided by 60.
44
Suppose 343*y - 342*y = -4. Let s = 9 - y. Let f(q) = q + 11. What is the remainder when s is divided by f(-6)?
3
Let x = 9599 + -9425. What is the remainder when 433 is divided by x?
85
Let l = 437 + 59. Let k = l - 446. Calculate the remainder when 147 is divided by k.
47
Suppose 0 = 7*t - 6*t - 1. Suppose -k + t = -5. Suppose 56 = 2*f + d, f - 39 = -0*f + 5*d. Calculate the remainder when f is divided by k.
5
Suppose 3*l - 828 = 3*t, -l + 184 + 95 = -2*t. Let a = l + -254. Suppose -1 - 263 = -2*h. Calculate the remainder when h is divided by a.
18
Let y be 210/(-12)*(-12)/15. Suppose y = -4*i + 6*i. Suppose 10*r = i*r + 87. What is the remainder when r is divided by 10?
9
Let p(d) = -4*d + 87. Let n be p(24). What is the remainder when 70 is divided by 606/14 - (n - 390/(-42))?
27
What is the remainder when (22/10)/(5/25) is divided by 3/2*(-8 + 56/6)?
1
Let p = -325 + 318. What is the remainder when 30 is divided by (-246)/(-14) + ((-30)/p)/10?
12
Suppose -2*l = w + 1 - 21, -l + 2 = 0. What is the remainder when 483 is divided by w?
3
Let k(r) = r + 29. Let l be k(-9). Suppose -19 = -4*p + 5*o, 0 = 4*p - 3*o - o - l. What is the remainder when 74 is divided by p?
2
Suppose 0*n + 5*n + 4*j - 588 = 0, 574 = 5*n - 3*j. Let c = -20076 + 20093. Calculate the remainder when n is divided by c.
14
Let s(h) = 27*h**2 + 18*h - 